{"id":432,"date":"2023-06-03T15:07:55","date_gmt":"2023-06-03T13:07:55","guid":{"rendered":"https:\/\/www.vojtko.art\/?page_id=432"},"modified":"2025-08-26T22:12:26","modified_gmt":"2025-08-26T20:12:26","slug":"kontakt","status":"publish","type":"page","link":"https:\/\/www.vojtko.art\/index.php\/kontakt\/","title":{"rendered":"Kontakt &#8211; v\u0161eobecn\u00fd"},"content":{"rendered":"\n\n\t<section class=\"section header-custom\" id=\"section_1238697354\">\n\t\t<div class=\"section-bg fill\" >\n\t\t\t\t\t\t\t\t\t\n\t\t\t\n\n\t\t<\/div>\n\n\t\t\n\n\t\t<div class=\"section-content relative\">\n\t\t\t\n\n\t<div id=\"gap-1464478734\" class=\"gap-element clearfix hide-for-medium\" style=\"display:block; height:auto;\">\n\t\t\n<style>\n#gap-1464478734 {\n  padding-top: 4rem;\n}\n<\/style>\n\t<\/div>\n\t\n\n<div class=\"row row-full-width container-custom container-extended\"  id=\"row-1073128735\">\n\n\n\t<div id=\"col-1251345426\" class=\"col header-mobile show-for-medium medium-12 small-12 large-6\"  >\n\t\t\t\t<div class=\"col-inner\"  >\n\t\t\t\n\t\t\t\n\n\t<div id=\"gap-2037047312\" class=\"gap-element clearfix show-for-medium\" style=\"display:block; height:auto;\">\n\t\t\n<style>\n#gap-2037047312 {\n  padding-top: 2rem;\n}\n@media (min-width:550px) {\n  #gap-2037047312 {\n    padding-top: 30px;\n  }\n}\n<\/style>\n\t<\/div>\n\t\n\n\t<div id=\"text-2646499016\" class=\"text header-heading show-for-medium\">\n\t\t\n\n<p><a href=\"https:\/\/www.vojtko.art\/\">\u3164vojtko.art\u3164<br \/>\n<\/a><\/p>\n\t\t\n<style>\n#text-2646499016 {\n  font-size: 1.5rem;\n}\n<\/style>\n\t<\/div>\n\t\n\n\t\t<\/div>\n\t\t\t\t\t<\/div>\n\n\t\n\n\t<div id=\"col-2060372536\" class=\"col hide-for-medium medium-3 small-12 large-3\"  >\n\t\t\t\t<div class=\"col-inner text-right\"  >\n\t\t\t\n\t\t\t\n\n\t<div id=\"text-3366317491\" class=\"text header-heading hide-for-small\">\n\t\t\n\n<p><a href=\"https:\/\/www.vojtko.art\/\">\u3164vojtko.art\u3164<br \/>\n<\/a><\/p>\n\t\t\n<style>\n#text-3366317491 {\n  font-size: 1.5rem;\n  text-align: left;\n}\n<\/style>\n\t<\/div>\n\t\n\n\t\t<\/div>\n\t\t\t\t\t<\/div>\n\n\t\n\n<\/div>\n\n\t\t<\/div>\n\n\t\t\n<style>\n#section_1238697354 {\n  padding-top: 30px;\n  padding-bottom: 30px;\n}\n<\/style>\n\t<\/section>\n\t\n\n\t<section class=\"section\" id=\"section_601803587\">\n\t\t<div class=\"section-bg fill\" >\n\t\t\t\t\t\t\t\t\t\n\t\t\t\n\n\t\t<\/div>\n\n\t\t\n\n\t\t<div class=\"section-content relative\">\n\t\t\t\n\n<div class=\"row row-full-width container-custom container-extended\"  id=\"row-196291294\">\n\n\n\t<div id=\"col-1093578358\" class=\"col medium-12 small-12 large-6\"  >\n\t\t\t\t<div class=\"col-inner\"  >\n\t\t\t\n\t\t\t\n\n\t<div id=\"text-2553812567\" class=\"text hide-for-small\">\n\t\t\n\n\n\t\t\n<style>\n#text-2553812567 {\n  font-size: 1.5rem;\n}\n<\/style>\n\t<\/div>\n\t\n\t\t<div class=\"show-for-medium hide-for-small\">\n\t\t\t\t\n\n<iframe class=\"map-gray\" src=\"https:\/\/www.google.com\/maps\/embed?pb=!1m18!1m12!1m3!1d4145.749054052345!2d18.445084106295962!3d49.11213113653974!2m3!1f0!2f0!3f0!3m2!1i1024!2i768!4f13.1!3m3!1m2!1s0x47148bfd987b3875%3A0x2af0875ecf83ebc3!2sAva%20-%20Andrej%20Vojtko!5e0!3m2!1ssk!2ssk!4v1695743829798!5m2!1ssk!2ssk\" width=\"100%\" height=\"450\" style=\"border:0;\" allowfullscreen=\"\" loading=\"lazy\" referrerpolicy=\"no-referrer-when-downgrade\"><\/iframe>\n\t\t<\/div>\n\t\n\t\t<div class=\"hide-for-medium\">\n\t\t\t\t\n\n<iframe class=\"map-gray\" src=\"https:\/\/www.google.com\/maps\/embed?pb=!1m18!1m12!1m3!1d4145.749054052345!2d18.445084106295962!3d49.11213113653974!2m3!1f0!2f0!3f0!3m2!1i1024!2i768!4f13.1!3m3!1m2!1s0x47148bfd987b3875%3A0x2af0875ecf83ebc3!2sAva%20-%20Andrej%20Vojtko!5e0!3m2!1ssk!2ssk!4v1695743829798!5m2!1ssk!2ssk\" width=\"600\" height=\"450\" style=\"border:0;\" allowfullscreen=\"\" loading=\"lazy\" referrerpolicy=\"no-referrer-when-downgrade\"><\/iframe>\n\t\t<\/div>\n\t\n\t\t<div class=\"show-for-small\">\n\t\t\t\t\n\n<iframe class=\"map-gray\" src=\"https:\/\/www.google.com\/maps\/embed?pb=!1m18!1m12!1m3!1d4145.749054052345!2d18.445084106295962!3d49.11213113653974!2m3!1f0!2f0!3f0!3m2!1i1024!2i768!4f13.1!3m3!1m2!1s0x47148bfd987b3875%3A0x2af0875ecf83ebc3!2sAva%20-%20Andrej%20Vojtko!5e0!3m2!1ssk!2ssk!4v1695743829798!5m2!1ssk!2ssk\" width=\"600\" height=\"350\" style=\"border:0;\" allowfullscreen=\"\" loading=\"lazy\" referrerpolicy=\"no-referrer-when-downgrade\"><\/iframe>\n\t\t<\/div>\n\t\n\t<div id=\"text-656552842\" class=\"text\">\n\t\t\n\n<p><span style=\"font-size: 75%;\">Ul. Slovensk\u00fdch partiz\u00e1nov 5033\/73, 017 01 Pova\u017esk\u00e1 Bystrica<\/span><br \/><span style=\"font-size: 75%;\">GPS: 49.112047525404506, 18.446667985922904<\/span><\/p>\n<p>\u00a0<\/p>\n\t\t\n<style>\n#text-656552842 {\n  font-size: 1rem;\n}\n<\/style>\n\t<\/div>\n\t\n\t<div id=\"gap-829760608\" class=\"gap-element clearfix\" style=\"display:block; height:auto;\">\n\t\t\n<style>\n#gap-829760608 {\n  padding-top: 1rem;\n}\n<\/style>\n\t<\/div>\n\t\n\n\t<div id=\"text-2355950421\" class=\"text hidden\">\n\t\t\n\n<p style=\"text-align: center;\">OTV\u00c1RACIE HODINY:<\/p>\n\t\t\n<style>\n#text-2355950421 {\n  font-size: 1.5rem;\n  line-height: 1;\n}\n<\/style>\n\t<\/div>\n\t\n\t<div id=\"text-1823174919\" class=\"text hidden\">\n\t\t\n\n<p style=\"text-align: center;\">Pondelok &#8211; Piatok<br \/>8:00 &#8211; 11:00\u00a0<br \/>12:00 &#8211; 17:00<\/p>\n\t\t\n<style>\n#text-1823174919 {\n  font-size: 1rem;\n}\n<\/style>\n\t<\/div>\n\t\n\n\t\t<\/div>\n\t\t\t\t\t<\/div>\n\n\t\n\n\t<div id=\"col-1550305849\" class=\"col medium-1 small-12 large-1\"  >\n\t\t\t\t<div class=\"col-inner\"  >\n\t\t\t\n\t\t\t\n\n\n\t\t<\/div>\n\t\t\t\t\t<\/div>\n\n\t\n\n\t<div id=\"col-831354708\" class=\"col medium-12 small-12 large-5\"  >\n\t\t\t\t<div class=\"col-inner\"  >\n\t\t\t\n\t\t\t\n\n\t<div id=\"gap-1221570486\" class=\"gap-element clearfix show-for-medium\" style=\"display:block; height:auto;\">\n\t\t\n<style>\n#gap-1221570486 {\n  padding-top: 30px;\n}\n<\/style>\n\t<\/div>\n\t\n\n<div class=\"row\"  id=\"row-1146305160\">\n\n\n\t<div id=\"col-1936347072\" class=\"col small-12 large-12\"  >\n\t\t\t\t<div class=\"col-inner\"  >\n\t\t\t\n\t\t\t\n\n\t<div id=\"text-4106569084\" class=\"text\">\n\t\t\n\n<p><strong>KONTAKTN\u00dd FORMUL\u00c1R<\/strong><\/p>\n\t\t\n<style>\n#text-4106569084 {\n  font-size: 1.5rem;\n  text-align: left;\n}\n@media (min-width:550px) {\n  #text-4106569084 {\n    text-align: left;\n  }\n}\n<\/style>\n\t<\/div>\n\t\n\t<div id=\"text-2402893230\" class=\"text\">\n\t\t\n\n<h4 class=\"mbr-section-subtitle mbr-fonts-style align-center mb-0 mt-2 display-7\" style=\"text-align: left;\"><span style=\"font-size: 85%;\">Kontaktujte n\u00e1s prostredn\u00edctvom e-mailu alebo kontaktn\u00e9ho formul\u00e1ra pre ot\u00e1zky alebo z\u00e1v\u00e4zn\u00fa cenov\u00fa ponuku.<\/span><br \/><span style=\"font-size: 85%;\">Presn\u00fa cenu stanov\u00edme na z\u00e1klade konkr\u00e9tnych po\u017eiadaviek a n\u00e1ro\u010dnosti projektu.<\/span><\/h4>\n\t\t\n<style>\n#text-2402893230 {\n  font-size: 1rem;\n  text-align: left;\n}\n@media (min-width:550px) {\n  #text-2402893230 {\n    text-align: left;\n  }\n}\n<\/style>\n\t<\/div>\n\t\n\n\t\t<\/div>\n\t\t\t\t\t<\/div>\n\n\t\n\n<\/div>\n\t<div id=\"gap-413352900\" class=\"gap-element clearfix\" style=\"display:block; height:auto;\">\n\t\t\n<style>\n#gap-413352900 {\n  padding-top: 2rem;\n}\n<\/style>\n\t<\/div>\n\t\n\n\n<div class=\"wpcf7 no-js\" id=\"wpcf7-f1476-o1\" lang=\"sk-SK\" dir=\"ltr\" data-wpcf7-id=\"1476\">\n<div class=\"screen-reader-response\"><p role=\"status\" aria-live=\"polite\" aria-atomic=\"true\"><\/p> <ul><\/ul><\/div>\n<form action=\"\/index.php\/wp-json\/wp\/v2\/pages\/432#wpcf7-f1476-o1\" method=\"post\" class=\"wpcf7-form init\" aria-label=\"Kontaktn\u00fd formul\u00e1r\" novalidate=\"novalidate\" data-status=\"init\">\n<fieldset class=\"hidden-fields-container\"><input type=\"hidden\" name=\"_wpcf7\" value=\"1476\" \/><input type=\"hidden\" name=\"_wpcf7_version\" value=\"6.1\" \/><input type=\"hidden\" name=\"_wpcf7_locale\" value=\"sk_SK\" \/><input type=\"hidden\" name=\"_wpcf7_unit_tag\" value=\"wpcf7-f1476-o1\" \/><input type=\"hidden\" name=\"_wpcf7_container_post\" value=\"0\" \/><input type=\"hidden\" name=\"_wpcf7_posted_data_hash\" value=\"\" \/>\n<\/fieldset>\n<p><label> Va\u0161e meno<br \/>\n<span class=\"wpcf7-form-control-wrap\" data-name=\"your-name\"><input size=\"40\" maxlength=\"400\" class=\"wpcf7-form-control wpcf7-text wpcf7-validates-as-required\" autocomplete=\"name\" aria-required=\"true\" aria-invalid=\"false\" value=\"\" type=\"text\" name=\"your-name\" \/><\/span> <\/label>\n<\/p>\n<p><label> V\u00e1\u0161 email<br \/>\n<span class=\"wpcf7-form-control-wrap\" data-name=\"your-email\"><input size=\"40\" maxlength=\"400\" class=\"wpcf7-form-control wpcf7-email wpcf7-validates-as-required wpcf7-text wpcf7-validates-as-email\" autocomplete=\"email\" aria-required=\"true\" aria-invalid=\"false\" value=\"\" type=\"email\" name=\"your-email\" \/><\/span> <\/label>\n<\/p>\n<p><label> Va\u0161a spr\u00e1va (volite\u013en\u00e9)<br \/>\n<span class=\"wpcf7-form-control-wrap\" data-name=\"your-message\"><textarea cols=\"40\" rows=\"10\" maxlength=\"2000\" class=\"wpcf7-form-control wpcf7-textarea\" aria-invalid=\"false\" name=\"your-message\"><\/textarea><\/span> <\/label>\n<\/p>\n<p><input class=\"wpcf7-form-control wpcf7-submit has-spinner\" type=\"submit\" value=\"Odosla\u0165\" \/>\n<\/p><div class=\"wpcf7-response-output\" aria-hidden=\"true\"><\/div>\n<\/form>\n<\/div>\n\n\n\n\t\t<\/div>\n\t\t\t\t\t<\/div>\n\n\t\n\n<\/div>\n\n\t\t<\/div>\n\n\t\t\n<style>\n#section_601803587 {\n  padding-top: 30px;\n  padding-bottom: 30px;\n}\n<\/style>\n\t<\/section>\n\t\n<div class=\"row row-full-width align-center container-custom container-contact\"  id=\"row-665662188\">\n\n\n\t<div id=\"col-507349864\" class=\"col container-custom medium-4 small-12 large-4\"  >\n\t\t\t\t<div class=\"col-inner\"  >\n\t\t\t\n\t\t\t\n\n\t<div id=\"text-876922065\" class=\"text\">\n\t\t\n\n<p style=\"text-align: center;\">ARCHITEKT\u00daRA<\/p>\n\t\t\n<style>\n#text-876922065 {\n  font-size: 1.5rem;\n  line-height: 1;\n}\n<\/style>\n\t<\/div>\n\t\n\t<div id=\"text-2993430776\" class=\"text\">\n\t\t\n\n<p style=\"text-align: center;\">Ateli\u00e9r \u2013 projekcia@ava-arch.sk<br \/>Tel. \u2013 +421 917 446 282<br \/>Inform\u00e1cie \u2013 info@ava-arch.sk<br \/>Ekon\u00f3mia \u2013 ekonomia@ava-arch.sk<\/p>\n\t\t\n<style>\n#text-2993430776 {\n  font-size: 1rem;\n}\n<\/style>\n\t<\/div>\n\t\n\t<div id=\"text-1268428056\" class=\"text\">\n\t\t\n\n<p style=\"text-align: center;\">FAKTURA\u010cN\u00c9 \u00daDAJE<\/p>\n\t\t\n<style>\n#text-1268428056 {\n  font-size: 1.5rem;\n  line-height: 1;\n}\n<\/style>\n\t<\/div>\n\t\n\t<div id=\"text-2522877771\" class=\"text\">\n\t\t\n\n<p style=\"text-align: center;\">\u039bV\u039b architecture s.r.o.<br \/>Slovensk\u00fdch partiz\u00e1nov 5033\/73<br \/>01701, Pova\u017esk\u00e1 Bystrica<br \/>I\u010do: 55438709<br \/>I\u010d DPH: SK2121997944<\/p>\n\t\t\n<style>\n#text-2522877771 {\n  font-size: 1rem;\n}\n<\/style>\n\t<\/div>\n\t\n\n\t\t<\/div>\n\t\t\t\t\t<\/div>\n\n\t\n\n\t<div id=\"col-1632818469\" class=\"col container-custom medium-4 small-12 large-4\"  >\n\t\t\t\t<div class=\"col-inner text-left\"  >\n\t\t\t\n\t\t\t\n\n\t<div id=\"text-3959790806\" class=\"text\">\n\t\t\n\n<p style=\"text-align: center;\">DESIGN<\/p>\n\t\t\n<style>\n#text-3959790806 {\n  font-size: 1.5rem;\n  line-height: 1;\n}\n<\/style>\n\t<\/div>\n\t\n\t<div id=\"text-1677113647\" class=\"text\">\n\t\t\n\n<p style=\"text-align: center;\">\u039bV\u039b design \u2013 ava@avapb.sk<br \/>Tel. \u2013 +421 905 505 477<br \/>V\u00fdroba \u2013 ava@avapb.sk<br \/>Realiz\u00e1cia \u2013 realizacia@avapb.sk<\/p>\n\t\t\n<style>\n#text-1677113647 {\n  font-size: 1rem;\n}\n<\/style>\n\t<\/div>\n\t\n\t<div id=\"text-3658322128\" class=\"text\">\n\t\t\n\n<p style=\"text-align: center;\">FAKTURA\u010cN\u00c9 \u00daDAJE<\/p>\n\t\t\n<style>\n#text-3658322128 {\n  font-size: 1.5rem;\n  line-height: 1;\n}\n<\/style>\n\t<\/div>\n\t\n\t<div id=\"text-3884847134\" class=\"text\">\n\t\t\n\n<p style=\"text-align: center;\">Andrej Vojtko \u2013 AVA<br \/>Doln\u00fd Mo\u0161tenec 295<br \/>01701, Pova\u017esk\u00e1 Bystrica<br \/>I\u010do: 30589207<br \/>I\u010d DPH: SK1020509435<\/p>\n\t\t\n<style>\n#text-3884847134 {\n  font-size: 1rem;\n}\n<\/style>\n\t<\/div>\n\t\n\n\t\t<\/div>\n\t\t\t\t\t<\/div>\n\n\t\n\n\t<div id=\"col-1901776626\" class=\"col container-custom medium-4 small-12 large-4\"  >\n\t\t\t\t<div class=\"col-inner text-left\"  >\n\t\t\t\n\t\t\t\n\n\t<div id=\"text-23681946\" class=\"text\">\n\t\t\n\n<p style=\"text-align: center;\">ARTDESIGN<\/p>\n\t\t\n<style>\n#text-23681946 {\n  font-size: 1.5rem;\n  line-height: 1;\n  text-align: left;\n}\n<\/style>\n\t<\/div>\n\t\n\t<div id=\"text-4020757373\" class=\"text\">\n\t\t\n\n<p style=\"text-align: center;\">\u039bV\u039b artdesign \u2013 ava@avapb.sk<br \/>Tel. \u2013 +421 905 505 477<br \/>V\u00fdroba \u2013 ava@avapb.sk<\/p>\n\t\t\n<style>\n#text-4020757373 {\n  font-size: 1rem;\n}\n<\/style>\n\t<\/div>\n\t\n<div class=\"is-divider divider clearfix\" style=\"margin-top:0rem;margin-bottom:0rem;height:1px;background-color:rgb(255, 255, 255);\"><\/div>\n\n\t<div id=\"text-3388335949\" class=\"text\">\n\t\t\n\n<p style=\"text-align: center;\">FAKTURA\u010cN\u00c9 \u00daDAJE<\/p>\n\t\t\n<style>\n#text-3388335949 {\n  font-size: 1.5rem;\n  line-height: 1;\n}\n@media (min-width:850px) {\n  #text-3388335949 {\n    line-height: 0.75;\n  }\n}\n<\/style>\n\t<\/div>\n\t\n\t<div id=\"text-2737721473\" class=\"text\">\n\t\t\n\n<p style=\"text-align: center;\">Andrej Vojtko \u2013 AVA<br \/>Doln\u00fd Mo\u0161tenec 295<br \/>01701, Pova\u017esk\u00e1 Bystrica<br \/>I\u010do: 30589207<br \/>I\u010d DPH: SK1020509435<\/p>\n\t\t\n<style>\n#text-2737721473 {\n  font-size: 1rem;\n}\n<\/style>\n\t<\/div>\n\t\n\n\t\t<\/div>\n\t\t\t\t\t<\/div>\n\n\t\n\n<\/div>\n<div class=\"row row-full-width align-middle align-center container-custom container-extended\"  id=\"row-567722789\">\n\n\n\t<div id=\"col-129859178\" class=\"col hide-for-small medium-5 small-12 large-4\"  >\n\t\t\t\t<div class=\"col-inner text-left\"  >\n\t\t\t\n\t\t\t\n\n\t<div id=\"gap-136161708\" class=\"gap-element clearfix\" style=\"display:block; height:auto;\">\n\t\t\n<style>\n#gap-136161708 {\n  padding-top: 0.75rem;\n}\n<\/style>\n\t<\/div>\n\t\n\n\t<div id=\"text-1867684525\" class=\"text footer-logo footer-heading\">\n\t\t\n\n<p><a href=\"https:\/\/www.vojtko.art\/\">\u3164vojtko.art\u3164<br \/>\n<\/a><\/p>\n\t\t\n<style>\n#text-1867684525 {\n  font-size: 2rem;\n  text-align: left;\n}\n@media (min-width:550px) {\n  #text-1867684525 {\n    font-size: 1.2rem;\n  }\n}\n@media (min-width:850px) {\n  #text-1867684525 {\n    font-size: 2.25rem;\n  }\n}\n<\/style>\n\t<\/div>\n\t\n\n\t\t<\/div>\n\t\t\t\t\n<style>\n#col-129859178 > .col-inner {\n  margin: 0px 0px -1rem 0px;\n}\n<\/style>\n\t<\/div>\n\n\t\n\n\t<div id=\"col-1954124929\" class=\"col show-for-small medium-4 small-12 large-4\"  >\n\t\t\t\t<div class=\"col-inner text-center\"  >\n\t\t\t\n\t\t\t\n\n\t<div id=\"text-1492849977\" class=\"text footer-logo footer-heading\">\n\t\t\n\n<p><a href=\"https:\/\/www.vojtko.art\/\">\u3164vojtko.art\u3164<br \/>\n<\/a><\/p>\n\t\t\n<style>\n#text-1492849977 {\n  font-size: 2rem;\n  text-align: center;\n}\n@media (min-width:550px) {\n  #text-1492849977 {\n    font-size: 2.25rem;\n    text-align: left;\n  }\n}\n<\/style>\n\t<\/div>\n\t\n\n\t\t<\/div>\n\t\t\t\t\n<style>\n#col-1954124929 > .col-inner {\n  margin: 0px 0px -1rem 0px;\n}\n<\/style>\n\t<\/div>\n\n\t\n\n\t<div id=\"col-246598770\" class=\"col hide-for-small medium-7 small-12 large-8\"  >\n\t\t\t\t<div class=\"col-inner text-right\"  >\n\t\t\t\n\t\t\t\n\n<a href=\"\/index.php\/ava\/arch\/\" class=\"button primary menu-button menu-button-footer\"  >\n\t\t<span>ARCHITEKT\u00daRA<\/span>\n\t<\/a>\n\n\n<a href=\"\/index.php\/ava\/design\/\" class=\"button primary menu-button menu-button-footer\"  >\n\t\t<span>DESIGN<\/span>\n\t<\/a>\n\n\n<a href=\"\/index.php\/ava\/artdesign\/\" class=\"button primary menu-button menu-button-footer\"  >\n\t\t<span>ARTDESIGN<\/span>\n\t<\/a>\n\n\n\n\t\t<\/div>\n\t\t\t\t\t<\/div>\n\n\t\n\n\t<div id=\"col-1903117140\" class=\"col show-for-small medium-8 small-12 large-8\"  >\n\t\t\t\t<div class=\"col-inner text-center\"  >\n\t\t\t\n\t\t\t\n\n\t<div id=\"gap-149926490\" class=\"gap-element clearfix\" style=\"display:block; height:auto;\">\n\t\t\n<style>\n#gap-149926490 {\n  padding-top: 1rem;\n}\n@media (min-width:550px) {\n  #gap-149926490 {\n    padding-top: 30px;\n  }\n}\n<\/style>\n\t<\/div>\n\t\n\n<a href=\"\/index.php\/ava\/arch\/\" class=\"button primary menu-button\"  >\n\t\t<span>architekt\u00fara<\/span>\n\t<\/a>\n\n\n\n\t\t<\/div>\n\t\t\t\t\t<\/div>\n\n\t\n\n\t<div id=\"col-1007413963\" class=\"col show-for-small medium-8 small-12 large-8\"  >\n\t\t\t\t<div class=\"col-inner text-center\"  >\n\t\t\t\n\t\t\t\n\n\t<div id=\"gap-1916985895\" class=\"gap-element clearfix\" style=\"display:block; height:auto;\">\n\t\t\n<style>\n#gap-1916985895 {\n  padding-top: 0.5rem;\n}\n@media (min-width:550px) {\n  #gap-1916985895 {\n    padding-top: 30px;\n  }\n}\n<\/style>\n\t<\/div>\n\t\n\n<a href=\"\/index.php\/ava\/design\/\" class=\"button primary menu-button\"  >\n\t\t<span>DESIGN<\/span>\n\t<\/a>\n\n\n\n\t\t<\/div>\n\t\t\t\t\t<\/div>\n\n\t\n\n\t<div id=\"col-774682180\" class=\"col show-for-small medium-8 small-12 large-8\"  >\n\t\t\t\t<div class=\"col-inner text-center\"  >\n\t\t\t\n\t\t\t\n\n\t<div id=\"gap-1658717268\" class=\"gap-element clearfix\" style=\"display:block; height:auto;\">\n\t\t\n<style>\n#gap-1658717268 {\n  padding-top: 0.5rem;\n}\n@media (min-width:550px) {\n  #gap-1658717268 {\n    padding-top: 30px;\n  }\n}\n<\/style>\n\t<\/div>\n\t\n\n<a href=\"\/index.php\/ava\/artdesign\/\" class=\"button primary menu-button\"  >\n\t\t<span>ARTDESIGN<\/span>\n\t<\/a>\n\n\n\n\t\t<\/div>\n\t\t\t\t\t<\/div>\n\n\t\n\n<\/div>\n\t<div id=\"gap-1457241789\" class=\"gap-element clearfix\" style=\"display:block; height:auto;\">\n\t\t\n<style>\n#gap-1457241789 {\n  padding-top: 3rem;\n}\n@media (min-width:550px) {\n  #gap-1457241789 {\n    padding-top: 30px;\n  }\n}\n<\/style>\n\t<\/div>\n\t\n\n\n","protected":false},"excerpt":{"rendered":"","protected":false},"author":1,"featured_media":0,"parent":0,"menu_order":0,"comment_status":"closed","ping_status":"closed","template":"page-blank.php","meta":{"footnotes":""},"class_list":["post-432","page","type-page","status-publish","hentry"],"_links":{"self":[{"href":"https:\/\/www.vojtko.art\/index.php\/wp-json\/wp\/v2\/pages\/432","targetHints":{"allow":["GET"]}}],"collection":[{"href":"https:\/\/www.vojtko.art\/index.php\/wp-json\/wp\/v2\/pages"}],"about":[{"href":"https:\/\/www.vojtko.art\/index.php\/wp-json\/wp\/v2\/types\/page"}],"author":[{"embeddable":true,"href":"https:\/\/www.vojtko.art\/index.php\/wp-json\/wp\/v2\/users\/1"}],"replies":[{"embeddable":true,"href":"https:\/\/www.vojtko.art\/index.php\/wp-json\/wp\/v2\/comments?post=432"}],"version-history":[{"count":69,"href":"https:\/\/www.vojtko.art\/index.php\/wp-json\/wp\/v2\/pages\/432\/revisions"}],"predecessor-version":[{"id":4119,"href":"https:\/\/www.vojtko.art\/index.php\/wp-json\/wp\/v2\/pages\/432\/revisions\/4119"}],"wp:attachment":[{"href":"https:\/\/www.vojtko.art\/index.php\/wp-json\/wp\/v2\/media?parent=432"}],"curies":[{"name":"wp","href":"https:\/\/api.w.org\/{rel}","templated":true}]}}